Dec 03 06:34:50.376 INFO testing grin_api-0.4.0 against master#8940af3cea4a9a9deabcaf843b2f8cad9a83fc61 for beta-1.31-5
Dec 03 06:34:50.376 INFO running `"docker" "create" "-v" "/mnt/big/crater/work/local/target-dirs/beta-1.31-5/worker-5/master#8940af3cea4a9a9deabcaf843b2f8cad9a83fc61:/target:rw,Z" "-v" "/mnt/big/crater/work/local/test-source/worker-5/beta-1.31-5/master#8940af3cea4a9a9deabcaf843b2f8cad9a83fc61:/source:ro,Z" "-v" "/mnt/big/crater/work/local/cargo-home:/cargo-home:ro,Z" "-v" "/mnt/big/crater/work/local/rustup-home:/rustup-home:ro,Z" "-e" "USER_ID=1000" "-e" "SOURCE_DIR=/source" "-e" "USER_ID=1000" "-e" "CMD=cargo +8940af3cea4a9a9deabcaf843b2f8cad9a83fc61-alt build --frozen" "-e" "CARGO_TARGET_DIR=/target" "-e" "CARGO_INCREMENTAL=0" "-e" "RUST_BACKTRACE=full" "-e" "RUSTFLAGS=--cap-lints=warn" "-e" "CARGO_HOME=/cargo-home" "-e" "RUSTUP_HOME=/rustup-home" "-m" "1536M" "--network" "none" "crater"`
Dec 03 06:34:50.895 INFO [stdout] 2e65680f04d11fff65fbadc78e21f724452ebf1015d1ea24b978c1b6d767305c
Dec 03 06:34:50.901 INFO running `"docker" "start" "-a" "2e65680f04d11fff65fbadc78e21f724452ebf1015d1ea24b978c1b6d767305c"`
Dec 03 06:34:52.446 INFO [stderr] usermod: no changes
Dec 03 06:34:52.503 INFO [stderr] warning: only one of `license` or `license-file` is necessary
Dec 03 06:34:53.127 INFO [stderr]    Compiling crossbeam-epoch v0.6.1
Dec 03 06:34:53.131 INFO [stderr]    Compiling chrono v0.4.6
Dec 03 06:34:53.131 INFO [stderr]    Compiling num-bigint v0.2.1
Dec 03 06:34:53.143 INFO [stderr]    Compiling croaring-sys v0.3.7
Dec 03 06:34:59.125 INFO [stderr]    Compiling crossbeam-deque v0.6.2
Dec 03 06:35:03.054 INFO [stderr]    Compiling tokio-threadpool v0.1.9
Dec 03 06:35:05.395 INFO [stderr]    Compiling log4rs v0.8.1
Dec 03 06:35:07.433 INFO [stderr]    Compiling num-rational v0.2.1
Dec 03 06:35:13.699 INFO [stderr]    Compiling num v0.2.0
Dec 03 06:35:17.131 INFO [stderr]    Compiling tokio-fs v0.1.4
Dec 03 06:35:23.832 INFO [stderr]    Compiling tokio v0.1.13
Dec 03 06:35:25.192 INFO [stderr] error: failed to run custom build command for `croaring-sys v0.3.7`
Dec 03 06:35:25.192 INFO [stderr] process didn't exit successfully: `/target/debug/build/croaring-sys-35cc6901acf80743/build-script-build` (exit code: 101)
Dec 03 06:35:25.192 INFO [stderr] --- stdout
Dec 03 06:35:25.192 INFO [stderr] TARGET = Some("x86_64-unknown-linux-gnu")
Dec 03 06:35:25.192 INFO [stderr] OPT_LEVEL = Some("0")
Dec 03 06:35:25.192 INFO [stderr] HOST = Some("x86_64-unknown-linux-gnu")
Dec 03 06:35:25.192 INFO [stderr] CC_x86_64-unknown-linux-gnu = None
Dec 03 06:35:25.192 INFO [stderr] CC_x86_64_unknown_linux_gnu = None
Dec 03 06:35:25.192 INFO [stderr] HOST_CC = None
Dec 03 06:35:25.192 INFO [stderr] CC = None
Dec 03 06:35:25.192 INFO [stderr] CFLAGS_x86_64-unknown-linux-gnu = None
Dec 03 06:35:25.192 INFO [stderr] CFLAGS_x86_64_unknown_linux_gnu = None
Dec 03 06:35:25.192 INFO [stderr] HOST_CFLAGS = None
Dec 03 06:35:25.192 INFO [stderr] CFLAGS = None
Dec 03 06:35:25.192 INFO [stderr] DEBUG = Some("true")
Dec 03 06:35:25.192 INFO [stderr] running: "cc" "-O0" "-ffunction-sections" "-fdata-sections" "-fPIC" "-g" "-fno-omit-frame-pointer" "-m64" "-Wall" "-Wextra" "-std=c11" "-march=native" "-O3" "-o" "/target/debug/build/croaring-sys-e4716587a0af7ad6/out/CRoaring/roaring.o" "-c" "CRoaring/roaring.c"
Dec 03 06:35:25.192 INFO [stderr] exit code: 0
Dec 03 06:35:25.192 INFO [stderr] AR_x86_64-unknown-linux-gnu = None
Dec 03 06:35:25.192 INFO [stderr] AR_x86_64_unknown_linux_gnu = None
Dec 03 06:35:25.192 INFO [stderr] HOST_AR = None
Dec 03 06:35:25.192 INFO [stderr] AR = None
Dec 03 06:35:25.192 INFO [stderr] running: "ar" "crs" "/target/debug/build/croaring-sys-e4716587a0af7ad6/out/libroaring.a" "/target/debug/build/croaring-sys-e4716587a0af7ad6/out/CRoaring/roaring.o"
Dec 03 06:35:25.192 INFO [stderr] exit code: 0
Dec 03 06:35:25.192 INFO [stderr] cargo:rustc-link-lib=static=roaring
Dec 03 06:35:25.192 INFO [stderr] cargo:rustc-link-search=native=/target/debug/build/croaring-sys-e4716587a0af7ad6/out
Dec 03 06:35:25.193 INFO [stderr] 
Dec 03 06:35:25.193 INFO [stderr] --- stderr
Dec 03 06:35:25.193 INFO [stderr] CRoaring/roaring.h:37:10: fatal error: 'stdbool.h' file not found
Dec 03 06:35:25.193 INFO [stderr] CRoaring/roaring.h:37:10: fatal error: 'stdbool.h' file not found, err: true
Dec 03 06:35:25.193 INFO [stderr] thread 'main' panicked at 'Unable to generate bindings: ()', libcore/result.rs:1009:5
Dec 03 06:35:25.193 INFO [stderr] stack backtrace:
Dec 03 06:35:25.193 INFO [stderr]    0:     0x55d361e835ff - std::sys::unix::backtrace::tracing::imp::unwind_backtrace::h3a8b83e1922cbdde
Dec 03 06:35:25.193 INFO [stderr]                                at libstd/sys/unix/backtrace/tracing/gcc_s.rs:49
Dec 03 06:35:25.193 INFO [stderr]    1:     0x55d361e90447 - std::sys_common::backtrace::print::h00d3155a29b4020f
Dec 03 06:35:25.193 INFO [stderr]                                at libstd/sys_common/backtrace.rs:71
Dec 03 06:35:25.193 INFO [stderr]                                at libstd/sys_common/backtrace.rs:59
Dec 03 06:35:25.193 INFO [stderr]    2:     0x55d361e8908f - std::panicking::default_hook::{{closure}}::hd7465c742e79e1bb
Dec 03 06:35:25.193 INFO [stderr]                                at libstd/panicking.rs:211
Dec 03 06:35:25.193 INFO [stderr]    3:     0x55d361e88df4 - std::panicking::default_hook::h9e3966f2aa2a6e12
Dec 03 06:35:25.193 INFO [stderr]                                at libstd/panicking.rs:227
Dec 03 06:35:25.193 INFO [stderr]    4:     0x55d361e8976e - std::panicking::rust_panic_with_hook::h587f091ae747d080
Dec 03 06:35:25.193 INFO [stderr]                                at libstd/panicking.rs:476
Dec 03 06:35:25.193 INFO [stderr]    5:     0x55d361e89311 - std::panicking::continue_panic_fmt::hb3a4fdede87f43a8
Dec 03 06:35:25.193 INFO [stderr]                                at libstd/panicking.rs:390
Dec 03 06:35:25.193 INFO [stderr]    6:     0x55d361e891f5 - rust_begin_unwind
Dec 03 06:35:25.193 INFO [stderr]                                at libstd/panicking.rs:325
Dec 03 06:35:25.193 INFO [stderr]    7:     0x55d361ed12fc - core::panicking::panic_fmt::h6f9cebf5e7474a0b
Dec 03 06:35:25.193 INFO [stderr]                                at libcore/panicking.rs:77
Dec 03 06:35:25.193 INFO [stderr]    8:     0x55d3617ed521 - core::result::unwrap_failed::h77d0128346b31f11
Dec 03 06:35:25.193 INFO [stderr]                                at libcore/macros.rs:26
Dec 03 06:35:25.193 INFO [stderr]    9:     0x55d3617ed388 - <core::result::Result<T, E>>::expect::h70b5477e7d357423
Dec 03 06:35:25.193 INFO [stderr]                                at libcore/result.rs:835
Dec 03 06:35:25.193 INFO [stderr]   10:     0x55d3617ece84 - build_script_build::main::h90a4d724c999f859
Dec 03 06:35:25.193 INFO [stderr]                                at /cargo-home/registry/src/github.com-1ecc6299db9ec823/croaring-sys-0.3.7/build.rs:15
Dec 03 06:35:25.193 INFO [stderr]   11:     0x55d3617ed5af - std::rt::lang_start::{{closure}}::h1fae096bba5f9001
Dec 03 06:35:25.193 INFO [stderr]                                at libstd/rt.rs:74
Dec 03 06:35:25.193 INFO [stderr]   12:     0x55d361e89192 - std::panicking::try::do_call::h52e7f80ff0fdcc45
Dec 03 06:35:25.193 INFO [stderr]                                at libstd/rt.rs:59
Dec 03 06:35:25.193 INFO [stderr]                                at libstd/panicking.rs:310
Dec 03 06:35:25.193 INFO [stderr]   13:     0x55d361e9b3f9 - __rust_maybe_catch_panic
Dec 03 06:35:25.193 INFO [stderr]                                at libpanic_unwind/lib.rs:102
Dec 03 06:35:25.193 INFO [stderr]   14:     0x55d361e736ba - std::rt::lang_start_internal::h38cae898de7f805c
Dec 03 06:35:25.193 INFO [stderr]                                at libstd/panicking.rs:289
Dec 03 06:35:25.193 INFO [stderr]                                at libstd/panic.rs:392
Dec 03 06:35:25.193 INFO [stderr]                                at libstd/rt.rs:58
Dec 03 06:35:25.193 INFO [stderr]   15:     0x55d3617ed588 - std::rt::lang_start::h4e510f7230a10318
Dec 03 06:35:25.193 INFO [stderr]                                at libstd/rt.rs:74
Dec 03 06:35:25.193 INFO [stderr]   16:     0x55d3617ed019 - main
Dec 03 06:35:25.193 INFO [stderr]   17:     0x7f839535e82f - __libc_start_main
Dec 03 06:35:25.193 INFO [stderr]   18:     0x55d3617ecb08 - _start
Dec 03 06:35:25.193 INFO [stderr]   19:                0x0 - <unknown>
Dec 03 06:35:25.193 INFO [stderr] 
Dec 03 06:35:25.193 INFO [stderr] warning: build failed, waiting for other jobs to finish...
Dec 03 06:35:33.067 INFO [stderr] error: build failed
Dec 03 06:35:33.075 INFO [stderr] su: No module specific data is present
Dec 03 06:35:33.971 INFO running `"docker" "inspect" "2e65680f04d11fff65fbadc78e21f724452ebf1015d1ea24b978c1b6d767305c"`
Dec 03 06:35:34.303 INFO running `"docker" "rm" "-f" "2e65680f04d11fff65fbadc78e21f724452ebf1015d1ea24b978c1b6d767305c"`
Dec 03 06:35:34.595 INFO [stdout] 2e65680f04d11fff65fbadc78e21f724452ebf1015d1ea24b978c1b6d767305c
